{"id":199,"date":"2026-02-01T17:29:30","date_gmt":"2026-02-01T16:29:30","guid":{"rendered":"https:\/\/www.werbungoutdoor.de\/?page_id=199"},"modified":"2026-02-05T18:07:57","modified_gmt":"2026-02-05T17:07:57","slug":"aktualisiertenachrichten-de","status":"publish","type":"page","link":"https:\/\/www.werbungoutdoor.de\/index.php\/aktualisiertenachrichten-de\/","title":{"rendered":"Aktualisiertenachrichten"},"content":{"rendered":"\n<p><strong>Das Portal Aktualisiertenachrichten.de bietet Werbefl\u00e4chen f\u00fcr Unternehmen, Marken und Institutionen, die ein breites Publikum \u00fcber hochwertigen journalistischen Inhalt erreichen m\u00f6chten.<\/strong><\/p>\n\n\n\n<p>Wir sind ein modernes Online-Nachrichtenportal mit Fokus auf aktuelle Ereignisse aus der Deutschland, Europa und der Welt. Unsere Leser kehren regelm\u00e4\u00dfig zur\u00fcck, um verl\u00e4ssliche und gepr\u00fcfte Informationen zu erhalten \u2013 dadurch entsteht ein nat\u00fcrliches und vertrauensw\u00fcrdiges Umfeld f\u00fcr Werbung.<\/p>\n\n\n\n<hr class=\"wp-block-separator has-alpha-channel-opacity\"\/>\n\n\n\n<h3 class=\"wp-block-heading\">\ud83d\udcca Warum auf Aktualisiertenachrichten.de werben?<\/h3>\n\n\n\n<ul class=\"wp-block-list\">\n<li>relevantes Nachrichten-Publikum<\/li>\n\n\n\n<li>stabile und wachsende Besucherzahlen<\/li>\n\n\n\n<li>hohe Glaubw\u00fcrdigkeit der Inhalte<\/li>\n\n\n\n<li>gezielte Platzierung nach Themen und Rubriken<\/li>\n\n\n\n<li>fairer und transparenter Ansatz<\/li>\n<\/ul>\n\n\n\n<hr class=\"wp-block-separator has-alpha-channel-opacity\"\/>\n\n\n\n<h3 class=\"wp-block-heading\">\ud83e\udde9 Werbeformen<\/h3>\n\n\n\n<p>Wir bieten verschiedene Werbeformate, angepasst an die Bed\u00fcrfnisse unserer Kunden:<\/p>\n\n\n\n<ul class=\"wp-block-list\">\n<li>Bannerwerbung (statisch \/ animiert)<\/li>\n\n\n\n<li>Native Werbung und PR-Artikel<\/li>\n\n\n\n<li>langfristige Partnerschaften<\/li>\n\n\n\n<li>individuelle Werbel\u00f6sungen nach Ma\u00df<\/li>\n<\/ul>\n\n\n\n<p>Jede bezahlte Zusammenarbeit ist stets klar gekennzeichnet \u2013 in \u00dcbereinstimmung mit der geltenden Gesetzgebung und ethischen Grunds\u00e4tzen.<\/p>\n\n\n\n<h1 class=\"wp-block-heading\">Bannerwerbung<\/h1>\n\n\n\n<figure class=\"wp-block-image size-large is-resized is-style-default\"><a href=\"https:\/\/www.werbungoutdoor.de\/index.php\/topgate\/\" target=\"_blank\" rel=\" noreferrer noopener\"><img decoding=\"async\" src=\"https:\/\/aktualizovane.sk\/wp-content\/uploads\/2026\/02\/top-gate-a-1024x251.jpg\" alt=\"top gate a\" class=\"wp-image-193667\" style=\"aspect-ratio:4.079898002549936;width:600px;height:auto\"\/><\/a><\/figure>\n\n\n\n<figure class=\"wp-block-image size-full is-resized is-style-default\"><img loading=\"lazy\" decoding=\"async\" width=\"1007\" height=\"245\" src=\"https:\/\/www.werbungoutdoor.de\/wp-content\/uploads\/2026\/02\/TopScrean.jpg\" alt=\"\" class=\"wp-image-268\" style=\"width:600px\" srcset=\"https:\/\/www.werbungoutdoor.de\/wp-content\/uploads\/2026\/02\/TopScrean.jpg 1007w, https:\/\/www.werbungoutdoor.de\/wp-content\/uploads\/2026\/02\/TopScrean-300x73.jpg 300w, https:\/\/www.werbungoutdoor.de\/wp-content\/uploads\/2026\/02\/TopScrean-768x187.jpg 768w\" sizes=\"auto, (max-width: 1007px) 100vw, 1007px\" \/><\/figure>\n\n\n\n<figure class=\"wp-block-image size-large is-resized is-style-default\"><a href=\"https:\/\/www.werbungoutdoor.de\/index.php\/square-aktuel\/\" target=\"_blank\" rel=\" noreferrer noopener\"><img decoding=\"async\" src=\"https:\/\/aktualizovane.sk\/wp-content\/uploads\/2026\/02\/square-1024x249.jpg\" alt=\"square\" class=\"wp-image-193669\" style=\"width:600px\"\/><\/a><\/figure>\n\n\n\n<figure class=\"wp-block-image size-large is-resized is-style-default\"><a href=\"https:\/\/www.werbungoutdoor.de\/index.php\/doublesquare\/\" target=\"_blank\" rel=\" noreferrer noopener\"><img decoding=\"async\" src=\"https:\/\/aktualizovane.sk\/wp-content\/uploads\/2026\/02\/double-squer-1024x251.jpg\" alt=\"\" class=\"wp-image-193671\" style=\"width:600px\"\/><\/a><\/figure>\n\n\n\n<figure class=\"wp-block-image size-large is-resized is-style-default\"><a href=\"https:\/\/www.werbungoutdoor.de\/index.php\/bigscrean\/\" target=\"_blank\" rel=\" noreferrer noopener\"><img decoding=\"async\" src=\"https:\/\/aktualizovane.sk\/wp-content\/uploads\/2026\/02\/big-screan-1024x250.jpg\" alt=\"big screan\" class=\"wp-image-193672\" style=\"width:600px\"\/><\/a><\/figure>\n\n\n\n<figure class=\"wp-block-image size-large is-resized is-style-default\"><a href=\"https:\/\/www.werbungoutdoor.de\/index.php\/bigscrean-up\/\" target=\"_blank\" rel=\" noreferrer noopener\"><img decoding=\"async\" src=\"https:\/\/aktualizovane.sk\/wp-content\/uploads\/2026\/02\/big-screan-up-1024x252.jpg\" alt=\"big screan up\" class=\"wp-image-193673\" style=\"width:600px\"\/><\/a><\/figure>\n\n\n\n<h1 class=\"wp-block-heading has-text-align-center\"><a href=\"https:\/\/www.werbungoutdoor.de\/index.php\/preisliste-gultig-fur-das-jahr-2026\/\">Preisliste g\u00fcltig f\u00fcr das Jahr 2026<\/a><\/h1>\n","protected":false},"excerpt":{"rendered":"<p>Das Portal Aktualisiertenachrichten.de bietet Werbefl\u00e4chen f\u00fcr Unternehmen, Marken und Institutionen, die ein breites Publikum \u00fcber hochwertigen journalistischen Inhalt erreichen m\u00f6chten. Wir sind ein modernes Online-Nachrichtenportal mit Fokus auf aktuelle Ereignisse aus der Deutschland, Europa und der Welt. Unsere Leser kehren regelm\u00e4\u00dfig zur\u00fcck, um verl\u00e4ssliche und gepr\u00fcfte Informationen zu erhalten \u2013 dadurch entsteht ein nat\u00fcrliches und [&hellip;]<\/p>\n","protected":false},"author":1,"featured_media":0,"parent":0,"menu_order":0,"comment_status":"closed","ping_status":"closed","template":"","meta":{"footnotes":""},"class_list":["post-199","page","type-page","status-publish","hentry"],"_links":{"self":[{"href":"https:\/\/www.werbungoutdoor.de\/index.php\/wp-json\/wp\/v2\/pages\/199","targetHints":{"allow":["GET"]}}],"collection":[{"href":"https:\/\/www.werbungoutdoor.de\/index.php\/wp-json\/wp\/v2\/pages"}],"about":[{"href":"https:\/\/www.werbungoutdoor.de\/index.php\/wp-json\/wp\/v2\/types\/page"}],"author":[{"embeddable":true,"href":"https:\/\/www.werbungoutdoor.de\/index.php\/wp-json\/wp\/v2\/users\/1"}],"replies":[{"embeddable":true,"href":"https:\/\/www.werbungoutdoor.de\/index.php\/wp-json\/wp\/v2\/comments?post=199"}],"version-history":[{"count":6,"href":"https:\/\/www.werbungoutdoor.de\/index.php\/wp-json\/wp\/v2\/pages\/199\/revisions"}],"predecessor-version":[{"id":274,"href":"https:\/\/www.werbungoutdoor.de\/index.php\/wp-json\/wp\/v2\/pages\/199\/revisions\/274"}],"wp:attachment":[{"href":"https:\/\/www.werbungoutdoor.de\/index.php\/wp-json\/wp\/v2\/media?parent=199"}],"curies":[{"name":"wp","href":"https:\/\/api.w.org\/{rel}","templated":true}]}}