{"id":190,"date":"2026-02-01T17:13:03","date_gmt":"2026-02-01T16:13:03","guid":{"rendered":"https:\/\/www.werbungoutdoor.de\/?page_id=190"},"modified":"2026-02-01T21:43:06","modified_gmt":"2026-02-01T20:43:06","slug":"aktualizovane-sk","status":"publish","type":"page","link":"https:\/\/www.werbungoutdoor.de\/index.php\/aktualizovane-sk\/","title":{"rendered":"Aktualizovane.sk"},"content":{"rendered":"\n<p>Port\u00e1l <strong>Aktualizovane.sk<\/strong> pon\u00faka reklamn\u00fd priestor pre firmy, zna\u010dky a in\u0161tit\u00facie, ktor\u00e9 chc\u00fa oslovi\u0165 \u0161irok\u00e9 publikum prostredn\u00edctvom kvalitn\u00e9ho spravodajsk\u00e9ho obsahu.<\/p>\n\n\n\n<p>Sme modern\u00fd online spravodajsk\u00fd port\u00e1l zameran\u00fd na aktu\u00e1lne dianie zo Slovenska, Eur\u00f3py a sveta. Na\u0161i \u010ditatelia sa pravidelne vracaj\u00fa za overen\u00fdmi inform\u00e1ciami, \u010do vytv\u00e1ra prirodzen\u00e9 a d\u00f4veryhodn\u00e9 prostredie pre reklamu.<\/p>\n\n\n\n<hr class=\"wp-block-separator has-alpha-channel-opacity\"\/>\n\n\n\n<h3 class=\"wp-block-heading\">\ud83d\udcca Pre\u010do inzerova\u0165 na Aktualizovane.sk<\/h3>\n\n\n\n<ul class=\"wp-block-list\">\n<li>relevantn\u00e9 spravodajsk\u00e9 publikum<\/li>\n\n\n\n<li>stabiln\u00e1 a rast\u00faca n\u00e1v\u0161tevnos\u0165<\/li>\n\n\n\n<li>vysok\u00e1 d\u00f4veryhodnos\u0165 obsahu<\/li>\n\n\n\n<li>mo\u017enos\u0165 cielenia pod\u013ea t\u00e9m a sekci\u00ed<\/li>\n\n\n\n<li>f\u00e9rov\u00fd a transparentn\u00fd pr\u00edstup<\/li>\n<\/ul>\n\n\n\n<hr class=\"wp-block-separator has-alpha-channel-opacity\"\/>\n\n\n\n<h3 class=\"wp-block-heading\">\ud83e\udde9 Formy reklamy<\/h3>\n\n\n\n<p>Pon\u00fakame viacero reklamn\u00fdch form\u00e1tov pod\u013ea potrieb klienta:<\/p>\n\n\n\n<ul class=\"wp-block-list\">\n<li>bannerov\u00e1 reklama (statick\u00e1 \/ animovan\u00e1)<\/li>\n\n\n\n<li>nat\u00edvna reklama a PR \u010dl\u00e1nky<\/li>\n\n\n\n<li>dlhodob\u00e9 partnersk\u00e9 spolupr\u00e1ce<\/li>\n\n\n\n<li>individu\u00e1lne reklamn\u00e9 rie\u0161enia na mieru<\/li>\n<\/ul>\n\n\n\n<p>Ka\u017ed\u00e1 platen\u00e1 spolupr\u00e1ca je v\u017edy jasne ozna\u010den\u00e1 v s\u00falade s platnou legislat\u00edvou a etick\u00fdmi z\u00e1sadami.<\/p>\n\n\n\n<hr class=\"wp-block-separator has-alpha-channel-opacity\"\/>\n\n\n\n<h3 class=\"wp-block-heading\"><\/h3>\n\n\n\n<p><\/p>\n\n\n\n<h1 class=\"wp-block-heading\">Bannerov\u00e1 reklama<\/h1>\n\n\n\n<p><\/p>\n\n\n\n<p><\/p>\n\n\n\n<figure class=\"wp-block-image size-large is-resized is-style-default\"><a href=\"https:\/\/www.werbungoutdoor.de\/index.php\/top-gate-a\/\" target=\"_blank\" rel=\" noreferrer noopener\"><img decoding=\"async\" src=\"https:\/\/aktualizovane.sk\/wp-content\/uploads\/2026\/02\/top-gate-a-1024x251.jpg\" alt=\"top gate a\" class=\"wp-image-193667\" style=\"aspect-ratio:4.079898002549936;width:600px;height:auto\"\/><\/a><\/figure>\n\n\n\n<figure class=\"wp-block-image size-large is-resized is-style-default\"><a href=\"https:\/\/www.werbungoutdoor.de\/index.php\/top-double-squer\/\" target=\"_blank\" rel=\" noreferrer noopener\"><img decoding=\"async\" src=\"https:\/\/aktualizovane.sk\/wp-content\/uploads\/2026\/02\/top-double-squer-1024x250.jpg\" alt=\"top double squer\" class=\"wp-image-193668\" style=\"width:600px\"\/><\/a><\/figure>\n\n\n\n<figure class=\"wp-block-image size-large is-resized is-style-default\"><a href=\"https:\/\/www.werbungoutdoor.de\/index.php\/square-300x300\/\" target=\"_blank\" rel=\" noreferrer noopener\"><img decoding=\"async\" src=\"https:\/\/aktualizovane.sk\/wp-content\/uploads\/2026\/02\/square-1024x249.jpg\" alt=\"square\" class=\"wp-image-193669\" style=\"width:600px\"\/><\/a><\/figure>\n\n\n\n<figure class=\"wp-block-image size-large is-resized is-style-default\"><a href=\"https:\/\/www.werbungoutdoor.de\/index.php\/double-square-300x600\/\" target=\"_blank\" rel=\" noreferrer noopener\"><img decoding=\"async\" src=\"https:\/\/aktualizovane.sk\/wp-content\/uploads\/2026\/02\/double-squer-1024x251.jpg\" alt=\"\" class=\"wp-image-193671\" style=\"width:600px\"\/><\/a><\/figure>\n\n\n\n<figure class=\"wp-block-image size-large is-resized is-style-default\"><a href=\"https:\/\/www.werbungoutdoor.de\/index.php\/big-screan\/\" target=\"_blank\" rel=\" noreferrer noopener\"><img decoding=\"async\" src=\"https:\/\/aktualizovane.sk\/wp-content\/uploads\/2026\/02\/big-screan-1024x250.jpg\" alt=\"big screan\" class=\"wp-image-193672\" style=\"width:600px\"\/><\/a><\/figure>\n\n\n\n<figure class=\"wp-block-image size-large is-resized is-style-default\"><a href=\"https:\/\/www.werbungoutdoor.de\/index.php\/big-screan-up\/\" target=\"_blank\" rel=\" noreferrer noopener\"><img decoding=\"async\" src=\"https:\/\/aktualizovane.sk\/wp-content\/uploads\/2026\/02\/big-screan-up-1024x252.jpg\" alt=\"big screan up\" class=\"wp-image-193673\" style=\"width:600px\"\/><\/a><\/figure>\n\n\n\n<h2 class=\"wp-block-heading\"><a href=\"https:\/\/www.werbungoutdoor.de\/index.php\/cennik-aktualizovane-sk\/\">Cenn\u00edk pre rok 2026<\/a><\/h2>\n\n\n\n<p><\/p>\n\n\n\n<h3 class=\"wp-block-heading\"><\/h3>\n","protected":false},"excerpt":{"rendered":"<p>Port\u00e1l Aktualizovane.sk pon\u00faka reklamn\u00fd priestor pre firmy, zna\u010dky a in\u0161tit\u00facie, ktor\u00e9 chc\u00fa oslovi\u0165 \u0161irok\u00e9 publikum prostredn\u00edctvom kvalitn\u00e9ho spravodajsk\u00e9ho obsahu. Sme modern\u00fd online spravodajsk\u00fd port\u00e1l zameran\u00fd na aktu\u00e1lne dianie zo Slovenska, Eur\u00f3py a sveta. Na\u0161i \u010ditatelia sa pravidelne vracaj\u00fa za overen\u00fdmi inform\u00e1ciami, \u010do vytv\u00e1ra prirodzen\u00e9 a d\u00f4veryhodn\u00e9 prostredie pre reklamu. \ud83d\udcca Pre\u010do inzerova\u0165 na Aktualizovane.sk \ud83e\udde9 [&hellip;]<\/p>\n","protected":false},"author":1,"featured_media":0,"parent":0,"menu_order":0,"comment_status":"closed","ping_status":"closed","template":"","meta":{"footnotes":""},"class_list":["post-190","page","type-page","status-publish","hentry"],"_links":{"self":[{"href":"https:\/\/www.werbungoutdoor.de\/index.php\/wp-json\/wp\/v2\/pages\/190","targetHints":{"allow":["GET"]}}],"collection":[{"href":"https:\/\/www.werbungoutdoor.de\/index.php\/wp-json\/wp\/v2\/pages"}],"about":[{"href":"https:\/\/www.werbungoutdoor.de\/index.php\/wp-json\/wp\/v2\/types\/page"}],"author":[{"embeddable":true,"href":"https:\/\/www.werbungoutdoor.de\/index.php\/wp-json\/wp\/v2\/users\/1"}],"replies":[{"embeddable":true,"href":"https:\/\/www.werbungoutdoor.de\/index.php\/wp-json\/wp\/v2\/comments?post=190"}],"version-history":[{"count":7,"href":"https:\/\/www.werbungoutdoor.de\/index.php\/wp-json\/wp\/v2\/pages\/190\/revisions"}],"predecessor-version":[{"id":246,"href":"https:\/\/www.werbungoutdoor.de\/index.php\/wp-json\/wp\/v2\/pages\/190\/revisions\/246"}],"wp:attachment":[{"href":"https:\/\/www.werbungoutdoor.de\/index.php\/wp-json\/wp\/v2\/media?parent=190"}],"curies":[{"name":"wp","href":"https:\/\/api.w.org\/{rel}","templated":true}]}}